{"id":668,"date":"2024-12-08T18:20:44","date_gmt":"2024-12-08T15:20:44","guid":{"rendered":"https:\/\/sanalhavacilik.com.tr\/?page_id=668"},"modified":"2024-12-11T22:12:07","modified_gmt":"2024-12-11T19:12:07","slug":"cep-telefonu-adaptoru","status":"publish","type":"page","link":"https:\/\/sanalhavacilik.com.tr\/?page_id=668","title":{"rendered":"Cep Telefonu Adapt\u00f6r\u00fc"},"content":{"rendered":"\n<h1 class=\"wp-block-heading has-text-align-center has-x-large-font-size\"><strong>Cep Telefonu Adapt\u00f6r\u00fc<\/strong> Kablolu<\/h1>\n\n\n<div class=\"wp-block-image\">\n<figure class=\"aligncenter size-large\"><img fetchpriority=\"high\" decoding=\"async\" width=\"1024\" height=\"576\" src=\"https:\/\/sanalhavacilik.com.tr\/wp-content\/uploads\/2024\/12\/image-18-1024x576.png\" alt=\"\" class=\"wp-image-842\" srcset=\"https:\/\/sanalhavacilik.com.tr\/wp-content\/uploads\/2024\/12\/image-18-1024x576.png 1024w, https:\/\/sanalhavacilik.com.tr\/wp-content\/uploads\/2024\/12\/image-18-300x169.png 300w, https:\/\/sanalhavacilik.com.tr\/wp-content\/uploads\/2024\/12\/image-18-768x432.png 768w, https:\/\/sanalhavacilik.com.tr\/wp-content\/uploads\/2024\/12\/image-18.png 1245w\" sizes=\"(max-width: 1024px) 100vw, 1024px\" \/><\/figure>\n<\/div>\n\n\n<p class=\"has-text-align-center\" style=\"font-size:40px\"><strong>TEKN\u0130K B\u0130LG\u0130LER<\/strong><\/p>\n\n\n\n<ul class=\"wp-block-list\">\n<li><strong>Telefon \u0130rtibat \u015eekli:<\/strong> 3.5 mm fi\u015fli kablo vas\u0131tas\u0131yla ba\u011flant\u0131.<\/li>\n\n\n\n<li><strong>Batarya S\u00fcresi:<\/strong> Tam \u015farjl\u0131 batarya ile s\u00fcrekli kullan\u0131mda 4 saat.<\/li>\n\n\n\n<li><strong>Ses \u00c7\u0131k\u0131\u015f G\u00fcc\u00fc:<\/strong> 5 Watt.<\/li>\n\n\n\n<li><strong>G\u00fc\u00e7 T\u00fcketimi:<\/strong> 20 mA.<\/li>\n\n\n\n<li><strong>\u00d6l\u00e7\u00fcler:<\/strong> 91 x 55 x 25 mm.<\/li>\n\n\n\n<li><strong>A\u011f\u0131rl\u0131k:<\/strong> 80 gr.<\/li>\n\n\n\n<li><strong>G\u00fc\u00e7 Kayna\u011f\u0131:<\/strong> Dahili \u015farj edilebilir batarya.<\/li>\n\n\n\n<li><strong>Kaynak Se\u00e7imi:<\/strong> Helikopter ICS sistemi ses seviyesi ve telefon ses seviyesi farkl\u0131 \u015fiddetlerde ayarlanabilir.<\/li>\n\n\n\n<li><strong>G\u00fc\u00e7 A\u00e7\u0131k G\u00f6stergesi:<\/strong> Var.<\/li>\n<\/ul>\n\n\n\n<p class=\"has-text-align-center\" style=\"font-size:40px\"><strong>Cihaz\u0131n Kullan\u0131lmas\u0131<\/strong><\/p>\n\n\n\n<p><strong>A)<\/strong> Kullan\u0131lan kask veya kulakl\u0131\u011f\u0131n fi\u015fi cihaza, cihaz\u0131n ICS fi\u015fi helikopterin ICS sistem soketine ba\u011flan\u0131r. Cihazdan \u00e7\u0131kan kablo cep telefonuna irtibatlan\u0131r ve cihaz kullan\u0131ma haz\u0131r hale gelir.<\/p>\n\n\n\n<p><strong>B)<\/strong> ON\/OFF anahtar\u0131 yukar\u0131 do\u011fru \u00e7evrilerek cihaz a\u00e7\u0131l\u0131r. A\u00e7t\u0131ktan sonra anahtar\u0131 \u00e7evirmeye devam edilerek ICS sisteminin ses seviyesi ayn\u0131 anahtar ile istenen seviyeye ayarlan\u0131r. Daha iyi ses seviyesi i\u00e7in ICS kontrol paneli kullan\u0131labilir.<\/p>\n\n\n\n<p><strong>C)<\/strong> Cihaz a\u00e7\u0131ld\u0131\u011f\u0131nda ve \u00e7al\u0131\u015ft\u0131\u011f\u0131 s\u00fcrece g\u00fc\u00e7 \u0131\u015f\u0131\u011f\u0131n\u0131n yanmas\u0131 gerekir. G\u00fc\u00e7 \u0131\u015f\u0131\u011f\u0131 yanm\u0131yorsa, batarya \u015farj\u0131 bitmi\u015f veya cihaz ar\u0131zalanm\u0131\u015f olabilir.<\/p>\n\n\n\n<p><strong>D)<\/strong> Telefon ses ayar anahtar\u0131 \u00e7evrilerek veya butonlu versiyonda butonlara bas\u0131larak telefon ses seviyesi ayarlan\u0131r.<\/p>\n\n\n\n<p><strong>E)<\/strong> Telefon ihtiyac\u0131 oldu\u011funda veya gelen arama oldu\u011funda cihaz kullan\u0131ma haz\u0131r bekler. Aramay\u0131 yan\u0131tlamak veya sonland\u0131rmak i\u00e7in cevaplama butonu kullan\u0131labilir.<\/p>\n\n\n\n<p><strong>F)<\/strong> Kullan\u0131m bitti\u011finde ON\/OFF anahtar\u0131, g\u00fc\u00e7 \u0131\u015f\u0131\u011f\u0131 s\u00f6nene kadar a\u015fa\u011f\u0131 do\u011fru \u00e7evrilerek cihaz kapat\u0131l\u0131r.<\/p>\n\n\n\n<p><strong>G)<\/strong> Cihaz\u0131n telefon irtibat\u0131 ayr\u0131l\u0131r, cihaz ICS sisteminden ve kulakl\u0131ktan \u00e7\u0131kar\u0131larak kutusuna yerle\u015ftirilir.<\/p>\n\n\n\n<p><strong>H)<\/strong> Telefon g\u00f6r\u00fc\u015fmesi yap\u0131l\u0131rken, mikrofonun dudak ile hafif temas\u0131 sa\u011flanacak \u015fekilde ayarlanmas\u0131, en uygun ses iletimi i\u00e7in gereklidir.<\/p>\n\n\n\n<p><strong>Not 1:<\/strong> cihaz u\u00e7u\u015ftan \u00f6nce 10-20 dk. \u015farj edilmelidir. cihaz\u0131n \u015farj oldu\u011fu, \u00fczerindeki k\u0131rm\u0131z\u0131 \u015farj \u0131\u015f\u0131\u011f\u0131n\u0131n yanmas\u0131yla, \u015farj\u0131n tamamland\u0131\u011f\u0131n\u0131 ise mavi renkli \u0131\u015f\u0131\u011f\u0131n yanmas\u0131yla anla\u015f\u0131l\u0131r.<\/p>\n\n\n\n<p><br><strong>Not 2:<\/strong> cep telefonunda 3.5mm kulakl\u0131k soketi olmayan cep telefonu kullan\u0131yorsan\u0131z telefonunuz i\u00e7in uygun adapt\u00f6r\u00fc temin ederek d\u00f6n\u00fc\u015f\u00fcm yapabilirsiniz.<\/p>\n\n\n\n<p><\/p>\n\n\n\n<h2 class=\"wp-block-heading has-text-align-center has-x-large-font-size\"><strong>Cep Telefonu Adapt\u00f6r\u00fc<\/strong> Kablosuz<\/h2>\n\n\n<div class=\"wp-block-image\">\n<figure class=\"aligncenter size-large\"><img decoding=\"async\" width=\"1024\" height=\"570\" src=\"https:\/\/sanalhavacilik.com.tr\/wp-content\/uploads\/2024\/12\/image-20-1024x570.png\" alt=\"\" class=\"wp-image-850\" srcset=\"https:\/\/sanalhavacilik.com.tr\/wp-content\/uploads\/2024\/12\/image-20-1024x570.png 1024w, https:\/\/sanalhavacilik.com.tr\/wp-content\/uploads\/2024\/12\/image-20-300x167.png 300w, https:\/\/sanalhavacilik.com.tr\/wp-content\/uploads\/2024\/12\/image-20-768x428.png 768w, https:\/\/sanalhavacilik.com.tr\/wp-content\/uploads\/2024\/12\/image-20.png 1259w\" sizes=\"(max-width: 1024px) 100vw, 1024px\" \/><\/figure>\n<\/div>\n\n\n<p class=\"has-text-align-center\" style=\"font-size:40px\"><strong>TEKN\u0130K B\u0130LG\u0130LER<\/strong><\/p>\n\n\n\n<ul class=\"wp-block-list\">\n<li><strong>Batarya S\u00fcresi:<\/strong> Tam \u015farjl\u0131 batarya ile s\u00fcrekli kullan\u0131mda 3 saat.<\/li>\n\n\n\n<li><strong>Ses \u00c7\u0131k\u0131\u015f G\u00fcc\u00fc:<\/strong> 5 watt.<\/li>\n\n\n\n<li><strong>G\u00fc\u00e7 T\u00fcketimi:<\/strong> 30 mA.<\/li>\n\n\n\n<li><strong>\u00d6l\u00e7\u00fcleri:<\/strong> 91x50x20 mm<\/li>\n\n\n\n<li><strong>A\u011f\u0131rl\u0131k:<\/strong> 70 gr.<\/li>\n\n\n\n<li><strong>G\u00fc\u00e7 Kayna\u011f\u0131:<\/strong> Dahili \u015farj edilebilir batarya.<\/li>\n\n\n\n<li><strong>Kaynak Se\u00e7imi:<\/strong> Helikopter ICS sistemi ses seviyesi ve telefon ses seviyesi farkl\u0131 \u015fiddetlerde ayarlanabilir.<\/li>\n\n\n\n<li><strong>G\u00fc\u00e7 A\u00e7\u0131k G\u00f6stergesi:<\/strong> Var.<\/li>\n\n\n\n<li><strong>Telefon \u0130rtibat \u015eekli:<\/strong> Bluetooth.<\/li>\n<\/ul>\n\n\n\n<p class=\"has-text-align-center\" style=\"font-size:40px\"><strong><strong>Cihaz\u0131n Kullan\u0131lmas\u0131<\/strong><\/strong><\/p>\n\n\n\n<p><strong>A)<\/strong> Cihaz\u0131n ICS fi\u015fi helikopterin ICS sistem soketine kask veya kulakl\u0131k fi\u015fi cihaza ba\u011flan\u0131r. Cihaz On\/Off anahtar\u0131 yukar\u0131 do\u011fru \u00e7evrilerek a\u00e7\u0131l\u0131r. Telefon Bluetooth se\u00e7eneklerinden \u201cSanal HVCL\u201d cihaz\u0131na ba\u011flan\u0131l\u0131r. B\u00f6ylece cihaz kullan\u0131ma haz\u0131r hale getirilir.<\/p>\n\n\n\n<p><strong>B)<\/strong> On\/Off anahtar\u0131 a\u00e7\u0131ld\u0131ktan sonra anahtar\u0131 \u00e7evirmeye devam ederek ICS sisteminin ses seviyesi ayn\u0131 anahtar ile istenen seviyeye ayarlan\u0131r. Ayn\u0131 zamanda daha iyi ses seviyesi i\u00e7in ICS kontrol paneli kullan\u0131labilir.<\/p>\n\n\n\n<p><strong>C)<\/strong> Cihaz a\u00e7\u0131ld\u0131\u011f\u0131nda ve \u00e7al\u0131\u015ft\u0131\u011f\u0131 s\u00fcrece g\u00fc\u00e7 \u0131\u015f\u0131\u011f\u0131n\u0131n yan\u0131p s\u00f6nmesi gerekir. G\u00fc\u00e7 \u0131\u015f\u0131\u011f\u0131 yanm\u0131yorsa \u015farj bitmi\u015f veya ar\u0131zalanm\u0131\u015f olabilir. E\u011fer s\u00fcrekli yan\u0131yorsa Bluetooth ba\u011flant\u0131s\u0131nda sorun vard\u0131r.<\/p>\n\n\n\n<p><strong>D)<\/strong> Telefon ses seviyesi ayar butonlar\u0131 ile telefon ses seviyesi ayarlan\u0131r.<\/p>\n\n\n\n<p><strong>E)<\/strong> Telefon ihtiyac\u0131 oldu\u011funda veya gelen arama oldu\u011funda cihaz kullan\u0131ma haz\u0131r olarak bekleyecektir. Aramay\u0131 yan\u0131tlamak veya sonland\u0131rmak i\u00e7in cevaplama butonu kullan\u0131labilir.<\/p>\n\n\n\n<p><strong>F)<\/strong> Kullan\u0131m bitti\u011finde On\/Off anahtar\u0131 g\u00fc\u00e7 \u0131\u015f\u0131\u011f\u0131 s\u00f6nene kadar a\u015fa\u011f\u0131 do\u011fru \u00e7evrilerek kapat\u0131l\u0131r.<\/p>\n\n\n\n<p><strong>G)<\/strong> Cihaz ICS sisteminden ve kulakl\u0131ktan ayr\u0131larak kutusuna yerle\u015ftirilir.<\/p>\n\n\n\n<p><strong>H)<\/strong> Telefon g\u00f6r\u00fc\u015fmesi yap\u0131l\u0131rken mikrofonun dudak ile hafif temas\u0131 sa\u011flanacak \u015fekilde ayarlanmas\u0131 en uygun ses iletimi sa\u011flayacakt\u0131r.<\/p>\n\n\n\n<p><strong>NOT 1:<\/strong> Cihaz u\u00e7u\u015ftan \u00f6nce 10-20 dakika \u015farj edilmelidir. Cihaz\u0131n \u015farj oldu\u011fu, \u00fczerindeki k\u0131rm\u0131z\u0131 \u015farj \u0131\u015f\u0131\u011f\u0131n\u0131n yanmas\u0131yla anla\u015f\u0131l\u0131r. \u015earj\u0131n tamamland\u0131\u011f\u0131n\u0131 ise mavi renkteki \u0131\u015f\u0131\u011f\u0131n yanmas\u0131yla anlayabilirsiniz.<\/p>\n\n\n\n<h2 class=\"wp-block-heading has-text-align-center\" style=\"font-size:40px\"><strong>Cihaz\u0131n Kullan\u0131m Amac\u0131<\/strong><\/h2>\n\n\n\n<p>Bu cihaz, helikopter u\u00e7u\u015flar\u0131nda kulakl\u0131k veya kask kullan\u0131rken ayn\u0131 zamanda cep telefonu ile g\u00f6r\u00fc\u015fme yap\u0131labilmesini sa\u011flar.<br>Kask veya kulakl\u0131k, ICS sistemine irtibatlanmadan hava arac\u0131 i\u00e7erisinde veya a\u015f\u0131r\u0131 g\u00fcr\u00fclt\u00fcl\u00fc d\u0131\u015f ortamlarda telefon g\u00f6r\u00fc\u015fmeleri yap\u0131lmas\u0131na da olanak tan\u0131r.<\/p>\n\n\n\n<p style=\"font-size:22px\"><strong>Uyar\u0131: bu cihaz\u0131n kullan\u0131m\u0131ndan ortaya \u00e7\u0131kacak t\u00fcm sorun ve kazalardan kullan\u0131c\u0131 sorumludur.<\/strong><\/p>\n","protected":false},"excerpt":{"rendered":"<p>Cep Telefonu Adapt\u00f6r\u00fc Kablolu TEKN\u0130K B\u0130LG\u0130LER Cihaz\u0131n Kullan\u0131lmas\u0131 A) Kullan\u0131lan kask veya kulakl\u0131\u011f\u0131n fi\u015fi cihaza, cihaz\u0131n ICS fi\u015fi helikopterin ICS sistem soketine ba\u011flan\u0131r. Cihazdan \u00e7\u0131kan kablo cep telefonuna irtibatlan\u0131r ve cihaz kullan\u0131ma haz\u0131r hale gelir. B) ON\/OFF anahtar\u0131 yukar\u0131 do\u011fru \u00e7evrilerek cihaz a\u00e7\u0131l\u0131r. A\u00e7t\u0131ktan sonra anahtar\u0131 \u00e7evirmeye devam edilerek ICS sisteminin ses seviyesi ayn\u0131 anahtar ile istenen seviyeye ayarlan\u0131r. Daha iyi ses seviyesi i\u00e7in ICS kontrol paneli kullan\u0131labilir. C) Cihaz a\u00e7\u0131ld\u0131\u011f\u0131nda ve \u00e7al\u0131\u015ft\u0131\u011f\u0131 s\u00fcrece g\u00fc\u00e7 \u0131\u015f\u0131\u011f\u0131n\u0131n yanmas\u0131 gerekir. G\u00fc\u00e7 \u0131\u015f\u0131\u011f\u0131 yanm\u0131yorsa, batarya \u015farj\u0131 bitmi\u015f veya cihaz ar\u0131zalanm\u0131\u015f olabilir. D) Telefon ses ayar anahtar\u0131 \u00e7evrilerek veya butonlu versiyonda butonlara bas\u0131larak telefon ses seviyesi ayarlan\u0131r. E) Telefon ihtiyac\u0131 oldu\u011funda veya gelen arama oldu\u011funda cihaz kullan\u0131ma haz\u0131r bekler. Aramay\u0131 yan\u0131tlamak veya sonland\u0131rmak i\u00e7in cevaplama butonu kullan\u0131labilir. F) Kullan\u0131m bitti\u011finde ON\/OFF anahtar\u0131, g\u00fc\u00e7 \u0131\u015f\u0131\u011f\u0131 s\u00f6nene kadar a\u015fa\u011f\u0131 do\u011fru \u00e7evrilerek cihaz kapat\u0131l\u0131r. G) Cihaz\u0131n telefon irtibat\u0131 ayr\u0131l\u0131r, cihaz ICS sisteminden ve kulakl\u0131ktan \u00e7\u0131kar\u0131larak kutusuna yerle\u015ftirilir. H) Telefon g\u00f6r\u00fc\u015fmesi yap\u0131l\u0131rken, mikrofonun dudak ile hafif temas\u0131 sa\u011flanacak \u015fekilde ayarlanmas\u0131, en uygun ses iletimi i\u00e7in gereklidir. Not 1: cihaz u\u00e7u\u015ftan \u00f6nce 10-20 dk. \u015farj edilmelidir. cihaz\u0131n \u015farj oldu\u011fu, \u00fczerindeki k\u0131rm\u0131z\u0131 \u015farj \u0131\u015f\u0131\u011f\u0131n\u0131n yanmas\u0131yla, \u015farj\u0131n tamamland\u0131\u011f\u0131n\u0131 ise mavi renkli \u0131\u015f\u0131\u011f\u0131n yanmas\u0131yla anla\u015f\u0131l\u0131r. Not 2: cep telefonunda 3.5mm kulakl\u0131k soketi olmayan cep telefonu kullan\u0131yorsan\u0131z telefonunuz i\u00e7in uygun adapt\u00f6r\u00fc temin ederek d\u00f6n\u00fc\u015f\u00fcm yapabilirsiniz. Cep Telefonu Adapt\u00f6r\u00fc Kablosuz TEKN\u0130K B\u0130LG\u0130LER Cihaz\u0131n Kullan\u0131lmas\u0131 A) Cihaz\u0131n ICS fi\u015fi helikopterin ICS sistem soketine kask veya kulakl\u0131k fi\u015fi cihaza ba\u011flan\u0131r. Cihaz On\/Off anahtar\u0131 yukar\u0131 do\u011fru \u00e7evrilerek a\u00e7\u0131l\u0131r. Telefon Bluetooth se\u00e7eneklerinden \u201cSanal HVCL\u201d cihaz\u0131na ba\u011flan\u0131l\u0131r. B\u00f6ylece cihaz kullan\u0131ma haz\u0131r hale getirilir. B) On\/Off anahtar\u0131 a\u00e7\u0131ld\u0131ktan sonra anahtar\u0131 \u00e7evirmeye devam ederek ICS sisteminin ses seviyesi ayn\u0131 anahtar ile istenen seviyeye ayarlan\u0131r. Ayn\u0131 zamanda daha iyi ses seviyesi i\u00e7in ICS kontrol paneli kullan\u0131labilir. C) Cihaz a\u00e7\u0131ld\u0131\u011f\u0131nda ve \u00e7al\u0131\u015ft\u0131\u011f\u0131 s\u00fcrece g\u00fc\u00e7 \u0131\u015f\u0131\u011f\u0131n\u0131n yan\u0131p s\u00f6nmesi gerekir. G\u00fc\u00e7 \u0131\u015f\u0131\u011f\u0131 yanm\u0131yorsa \u015farj bitmi\u015f veya ar\u0131zalanm\u0131\u015f olabilir. E\u011fer s\u00fcrekli yan\u0131yorsa Bluetooth ba\u011flant\u0131s\u0131nda sorun vard\u0131r. D) Telefon ses seviyesi ayar butonlar\u0131 ile telefon ses seviyesi ayarlan\u0131r. E) Telefon ihtiyac\u0131 oldu\u011funda veya gelen arama oldu\u011funda cihaz kullan\u0131ma haz\u0131r olarak bekleyecektir. Aramay\u0131 yan\u0131tlamak veya sonland\u0131rmak i\u00e7in cevaplama butonu kullan\u0131labilir. F) Kullan\u0131m bitti\u011finde On\/Off anahtar\u0131 g\u00fc\u00e7 \u0131\u015f\u0131\u011f\u0131 s\u00f6nene kadar a\u015fa\u011f\u0131 do\u011fru \u00e7evrilerek kapat\u0131l\u0131r. G) Cihaz ICS sisteminden ve kulakl\u0131ktan ayr\u0131larak kutusuna yerle\u015ftirilir. H) Telefon g\u00f6r\u00fc\u015fmesi yap\u0131l\u0131rken mikrofonun dudak ile hafif temas\u0131 sa\u011flanacak \u015fekilde ayarlanmas\u0131 en uygun ses iletimi sa\u011flayacakt\u0131r. NOT 1: Cihaz u\u00e7u\u015ftan \u00f6nce 10-20 dakika \u015farj edilmelidir. Cihaz\u0131n \u015farj oldu\u011fu, \u00fczerindeki k\u0131rm\u0131z\u0131 \u015farj \u0131\u015f\u0131\u011f\u0131n\u0131n yanmas\u0131yla anla\u015f\u0131l\u0131r. \u015earj\u0131n tamamland\u0131\u011f\u0131n\u0131 ise mavi renkteki \u0131\u015f\u0131\u011f\u0131n yanmas\u0131yla anlayabilirsiniz. Cihaz\u0131n Kullan\u0131m Amac\u0131 Bu cihaz, helikopter u\u00e7u\u015flar\u0131nda kulakl\u0131k veya kask kullan\u0131rken ayn\u0131 zamanda cep telefonu ile g\u00f6r\u00fc\u015fme yap\u0131labilmesini sa\u011flar.Kask veya kulakl\u0131k, ICS sistemine irtibatlanmadan hava arac\u0131 i\u00e7erisinde veya a\u015f\u0131r\u0131 g\u00fcr\u00fclt\u00fcl\u00fc d\u0131\u015f ortamlarda telefon g\u00f6r\u00fc\u015fmeleri yap\u0131lmas\u0131na da olanak tan\u0131r. Uyar\u0131: bu cihaz\u0131n kullan\u0131m\u0131ndan ortaya \u00e7\u0131kacak t\u00fcm sorun ve kazalardan kullan\u0131c\u0131 sorumludur.<\/p>\n","protected":false},"author":1,"featured_media":0,"parent":0,"menu_order":0,"comment_status":"closed","ping_status":"closed","template":"","meta":{"footnotes":""},"class_list":["post-668","page","type-page","status-publish","hentry"],"_links":{"self":[{"href":"https:\/\/sanalhavacilik.com.tr\/index.php?rest_route=\/wp\/v2\/pages\/668","targetHints":{"allow":["GET"]}}],"collection":[{"href":"https:\/\/sanalhavacilik.com.tr\/index.php?rest_route=\/wp\/v2\/pages"}],"about":[{"href":"https:\/\/sanalhavacilik.com.tr\/index.php?rest_route=\/wp\/v2\/types\/page"}],"author":[{"embeddable":true,"href":"https:\/\/sanalhavacilik.com.tr\/index.php?rest_route=\/wp\/v2\/users\/1"}],"replies":[{"embeddable":true,"href":"https:\/\/sanalhavacilik.com.tr\/index.php?rest_route=%2Fwp%2Fv2%2Fcomments&post=668"}],"version-history":[{"count":17,"href":"https:\/\/sanalhavacilik.com.tr\/index.php?rest_route=\/wp\/v2\/pages\/668\/revisions"}],"predecessor-version":[{"id":863,"href":"https:\/\/sanalhavacilik.com.tr\/index.php?rest_route=\/wp\/v2\/pages\/668\/revisions\/863"}],"wp:attachment":[{"href":"https:\/\/sanalhavacilik.com.tr\/index.php?rest_route=%2Fwp%2Fv2%2Fmedia&parent=668"}],"curies":[{"name":"wp","href":"https:\/\/api.w.org\/{rel}","templated":true}]}}