{"id":158,"date":"2023-02-01T09:15:15","date_gmt":"2023-02-01T09:15:15","guid":{"rendered":"https:\/\/sanalhavacilik.com.tr\/?page_id=158"},"modified":"2023-12-12T17:41:36","modified_gmt":"2023-12-12T14:41:36","slug":"teklif-olusturma-sistemi","status":"publish","type":"page","link":"https:\/\/sanalhavacilik.com.tr\/?page_id=158","title":{"rendered":"Teklif Olu\u015fturma Sistemi"},"content":{"rendered":"<div class=\"wp-block-image\">\n<figure class=\"aligncenter size-large\"><img fetchpriority=\"high\" decoding=\"async\" width=\"1024\" height=\"576\" src=\"https:\/\/sanalhavacilik.com.tr\/wp-content\/uploads\/2023\/02\/teklifSis-1024x576.png\" alt=\"\" class=\"wp-image-176\" srcset=\"https:\/\/sanalhavacilik.com.tr\/wp-content\/uploads\/2023\/02\/teklifSis-1024x576.png 1024w, https:\/\/sanalhavacilik.com.tr\/wp-content\/uploads\/2023\/02\/teklifSis-300x169.png 300w, https:\/\/sanalhavacilik.com.tr\/wp-content\/uploads\/2023\/02\/teklifSis-768x432.png 768w, https:\/\/sanalhavacilik.com.tr\/wp-content\/uploads\/2023\/02\/teklifSis.png 1366w\" sizes=\"(max-width: 1024px) 100vw, 1024px\" \/><\/figure>\n<\/div>\n\n\n<p><\/p>\n\n\n\n<p><\/p>\n\n\n\n<p class=\"has-text-align-center\"><a rel=\"noreferrer noopener\" href=\"http:\/\/fotoelektron.com\/\" data-type=\"URL\" data-id=\"http:\/\/fotoelektron.com\/\" target=\"_blank\">Fotoelektron<\/a> firmas\u0131 ad\u0131na m\u00fc\u015fterilerine daha kolay teklif sunabilmesi i\u00e7in yapt\u0131\u011f\u0131m\u0131z bir sistem.<\/p>\n\n\n\n<p class=\"has-text-align-center\">Projenin tamam\u0131 <a rel=\"noreferrer noopener\" href=\"https:\/\/www.youtube.com\/watch?v=5jYqMqTeyhU\" data-type=\"URL\" data-id=\"https:\/\/www.youtube.com\/watch?v=5jYqMqTeyhU\" target=\"_blank\">Youtube<\/a> kanal\u0131m\u0131zda.<\/p>\n\n\n\n<p class=\"has-text-align-center\">Kendi projelerinize entegre etmek, sat\u0131n almak i\u00e7in bizimle <a rel=\"noreferrer noopener\" href=\"https:\/\/sanalhavacilik.com.tr\/index.php\/iletisim\/\" data-type=\"URL\" data-id=\"https:\/\/sanalhavacilik.com.tr\/index.php\/iletisim\/\" target=\"_blank\">\u0130leti\u015fime<\/a> ge\u00e7ebilirsiniz.<\/p>\n","protected":false},"excerpt":{"rendered":"<p>Fotoelektron firmas\u0131 ad\u0131na m\u00fc\u015fterilerine daha kolay teklif sunabilmesi i\u00e7in yapt\u0131\u011f\u0131m\u0131z bir sistem. Projenin tamam\u0131 Youtube kanal\u0131m\u0131zda. Kendi projelerinize entegre etmek, sat\u0131n almak i\u00e7in bizimle \u0130leti\u015fime ge\u00e7ebilirsiniz.<\/p>\n","protected":false},"author":1,"featured_media":0,"parent":0,"menu_order":0,"comment_status":"closed","ping_status":"closed","template":"","meta":{"footnotes":""},"class_list":["post-158","page","type-page","status-publish","hentry"],"_links":{"self":[{"href":"https:\/\/sanalhavacilik.com.tr\/index.php?rest_route=\/wp\/v2\/pages\/158","targetHints":{"allow":["GET"]}}],"collection":[{"href":"https:\/\/sanalhavacilik.com.tr\/index.php?rest_route=\/wp\/v2\/pages"}],"about":[{"href":"https:\/\/sanalhavacilik.com.tr\/index.php?rest_route=\/wp\/v2\/types\/page"}],"author":[{"embeddable":true,"href":"https:\/\/sanalhavacilik.com.tr\/index.php?rest_route=\/wp\/v2\/users\/1"}],"replies":[{"embeddable":true,"href":"https:\/\/sanalhavacilik.com.tr\/index.php?rest_route=%2Fwp%2Fv2%2Fcomments&post=158"}],"version-history":[{"count":11,"href":"https:\/\/sanalhavacilik.com.tr\/index.php?rest_route=\/wp\/v2\/pages\/158\/revisions"}],"predecessor-version":[{"id":188,"href":"https:\/\/sanalhavacilik.com.tr\/index.php?rest_route=\/wp\/v2\/pages\/158\/revisions\/188"}],"wp:attachment":[{"href":"https:\/\/sanalhavacilik.com.tr\/index.php?rest_route=%2Fwp%2Fv2%2Fmedia&parent=158"}],"curies":[{"name":"wp","href":"https:\/\/api.w.org\/{rel}","templated":true}]}}